actors of 338534?
2, 7, 24181
List the prime factors of 21987644.
2, 7, 41, 107, 179
What are the prime factors of 6053856?
2, 3, 19, 3319
What are the prime factors of 11854590?
2, 3, 5, 11, 35923
What are the prime factors of 35629938?
2, 3, 1979441
What are the prime factors of 440354?
2, 220177
List the prime factors of 1416062.
2, 708031
What are the prime factors of 692162?
2, 23, 41, 367
What are the prime factors of 383834?
2, 11, 73, 239
List the prime factors of 8708743.
17, 23, 22273
List the prime factors of 625095.
3, 5, 29, 479
List the prime factors of 17694662.
2, 19, 465649
List the prime factors of 512004.
2, 3, 42667
What are the prime factors of 182667?
3, 60889
List the prime factors of 30120322.
2, 41, 367321
What are the prime factors of 3759483?
3, 7, 13, 47, 293
List the prime factors of 507121.
101, 5021
List the prime factors of 7038828.
2, 3, 23, 8501
What are the prime factors of 257679?
3, 28631
What are the prime factors of 845004?
2, 3, 67, 1051
What are the prime factors of 9436678?
2, 4718339
List the prime factors of 1679495.
5, 257, 1307
What are the prime factors of 1383674?
2, 691837
List the prime factors of 4994648.
2, 624331
What are the prime factors of 31395?
3, 5, 7, 13, 23
What are the prime factors of 148091?
148091
List the prime factors of 2942684.
2, 37, 59, 337
What are the prime factors of 7864042?
2, 3932021
What are the prime factors of 18881762?
2, 157, 60133
List the prime factors of 2809583.
7, 53, 7573
What are the prime factors of 1040991?
3, 7, 19, 2609
What are the prime factors of 504012?
2, 3, 97, 433
What are the prime factors of 5690270?
2, 5, 463, 1229
List the prime factors of 21945922.
2, 53, 207037
What are the prime factors of 2250008?
2, 281251
List the prime factors of 431602.
2, 215801
List the prime factors of 326374.
2, 53, 3079
List the prime factors of 125434.
2, 59, 1063
What are the prime factors of 226229?
29, 269
What are the prime factors of 418983?
3, 139661
What are the prime factors of 14446?
2, 31, 233
List the prime factors of 124345.
5, 13, 1913
What are the prime factors of 338001?
3, 61, 1847
What are the prime factors of 16816779?
3, 7, 266933
List the prime factors of 11710.
2, 5, 1171
List the prime factors of 94681.
73, 1297
What are the prime factors of 227459?
227459
List the prime factors of 4298777.
7, 53, 11587
List the prime factors of 3350377.
17, 11593
What are the prime factors of 10117550?
2, 5, 17, 11903
What are the prime factors of 2126409?
3, 708803
List the prime factors of 13405900.
2, 5, 134059
What are the prime factors of 18462785?
5, 11, 30517
What are the prime factors of 4581001?
251, 18251
List the prime factors of 727395.
3, 5, 71, 683
What are the prime factors of 659777?
109, 6053
List the prime factors of 44774.
2, 61, 367
List the prime factors of 78310.
2, 5, 41, 191
List the prime factors of 2218731.
3, 509, 1453
What are the prime factors of 2050686?
2, 3, 11, 10357
What are the prime factors of 6257207?
11, 17, 33461
List the prime factors of 2902110.
2, 3, 5, 96737
List the prime factors of 215870.
2, 5, 21587
List the prime factors of 879092.
2, 19, 43, 269
What are the prime factors of 9564804?
2, 3, 53, 557
List the prime factors of 21430.
2, 5, 2143
List the prime factors of 86268.
2, 3, 7, 13, 79
List the prime factors of 681036.
2, 3, 19, 29, 103
List the prime factors of 27363.
3, 7, 1303
List the prime factors of 431436.
2, 3, 157, 229
List the prime factors of 2632474.
2, 13, 103, 983
List the prime factors of 3057403.
3057403
List the prime factors of 4078629.
3, 453181
List the prime factors of 907247.
11, 67, 1231
What are the prime factors of 947934?
2, 3, 13, 4051
List the prime factors of 1405123.
223, 6301
What are the prime factors of 663090?
2, 3, 5, 23, 31
List the prime factors of 112925.
5, 4517
What are the prime factors of 14712630?
2, 3, 5, 490421
What are the prime factors of 222549?
3, 31, 2393
What are the prime factors of 205235?
5, 41047
What are the prime factors of 1482598?
2, 13, 127, 449
List the prime factors of 569664.
2, 3, 23, 43
List the prime factors of 4702333.
4702333
List the prime factors of 775926.
2, 3, 14369
List the prime factors of 40790618.
2, 11, 1854119
What are the prime factors of 5251664?
2, 11, 53, 563
What are the prime factors of 91423?
91423
What are the prime factors of 4157676?
2, 3, 137, 281
List the prime factors of 2436999.
3, 41, 19813
What are the prime factors of 1089401?
1089401
List the prime factors of 8768345.
5, 17, 43, 2399
List the prime factors of 4309649.
37, 269, 433
List the prime factors of 41927.
41927
What are the prime factors of 4455037?
17, 71, 3691
What are the prime factors of 2860222?
2, 19, 75269
List the prime factors of 1206542.
2, 103, 5857
List the prime factors of 83610.
2, 3, 5, 929
What are the prime factors of 308997?
3, 13, 19, 139
List the prime factors of 10687705.
5, 7, 305363
List the prime factors of 272221.
17, 67, 239
List the prime factors of 286294.
2, 43, 3329
List the prime factors of 575034.
2, 3, 239, 401
What are the prime factors of 131985?
3, 5, 7, 419
List the prime factors of 3517570.
2, 5, 7, 31, 1621
What are the prime factors of 12171414?
2, 3, 887, 2287
List the prime factors of 418155.
3, 5, 61, 457
List the prime factors of 438431.
7, 62633
List the prime factors of 11424328.
2, 1428041
What are the prime factors of 324132?
2, 3, 27011
What are the prime factors of 245274?
2, 3, 40879
List the prime factors of 5707888.
2, 53, 127
What are the prime factors of 16900453?
37, 456769
List the prime factors of 2338276.
2, 83, 7043
What are the prime factors of 24145670?
2, 5, 2414567
What are the prime factors of 14681200?
2, 5, 17, 127
List the prime factors of 735913.
17, 73, 593
List the prime factors of 325876.
2, 257, 317
What are the prime factors of 2882553?
3, 487, 1973
List the prime factors of 719577.
3, 29, 919
List the prime factors of 479533.
479533
List the prime factors of 6370970.
2, 5, 637097
List the prime factors of 8442598.
2, 4221299
What are the prime factors of 2874286?
2, 709, 2027
What are the prime factors of 21496234?
2, 101, 106417
List the prime factors of 5461680.
2, 3, 5, 7, 3251
List the prime factors of 28295135.
5, 11, 151, 3407
List the prime factors of 1757234.
2, 19, 131, 353
What are the prime factors of 145477?
145477
List the prime factors of 437207.
23, 19009
What are the prime factors of 29863738?
2, 79, 189011
List the prime factors of 2878525.
5, 13, 17, 521
List the prime factors of 771857.
23, 37, 907
List the prime factors of 979119.
3, 108791
What are the prime factors of 1557238?
2, 23, 97, 349
List the prime factors of 1201221.
3, 7, 23, 829
What are the prime factors of 241057?
193, 1249
List the prime factors of 90706.
2, 7, 11, 19, 31
What are the prime factors of 36104107?
13, 17, 163367
What are the prime factors of 5796513?
3, 644057
List the prime factors of 856625.
5, 7, 11, 89
What are the prime factors of 1753068?
2, 3, 139, 1051
List the prime factors of 1681569.
3, 186841
List the prime factors of 18910483.
2857, 6619
What are the prime factors of 143378?
2, 17, 4217
List the prime factors of 240467.
31, 7757
What are the prime factors of 119887?
101, 1187
List the prime factors of 11550532.
2, 7, 47, 67, 131
What are the prime factors of 1458748?
2, 364687
What are the prime factors of 180940?
2, 5, 83, 109
What are the prime factors of 764580?
2, 3, 5, 12743
What are the prime factors of 17212728?
2, 3, 13, 43, 1283
What are the prime factors of 193384?
2, 23, 1051
What are the prime factors of 2478?
2, 3, 7, 59
List the prime factors of 32661499.
13, 2512423
What are the prime factors of 23837435?
5, 37, 269, 479
What are the prime factors of 3828784?
2, 97, 2467
What are the prime factors of 356422?
2, 11, 17, 953
List the prime factors of 27009473.
27009473
What are the prime factors of 735360?
2, 3, 5, 383
What are the prime factors of 5587448?
2, 541, 1291
List the prime factors of 2153609.
383, 5623
What are the prime factors of 4106296?
2, 47, 67, 163
What are the prime factors of 18103528?
2, 53, 42697
List the prime factors of 3370236.
2, 3, 23, 12211
What are the prime factors of 5511631?
37, 181, 823
List the prime factors of 21